2).
2, 59
Suppose -4*o - 80 = -8*o. What are the prime factors of o?
2, 5
Let k(y) = -y + 3*y - y - 4. Let m be k(8). Suppose 0 = 2*w - m*o - 19 + 3, 4*w - 5*o - 23 = 0. List the prime factors of w.
2
Let g(h) = h**2 + 8*h + 7. Let x be g(-7). List the prime factors of ((-6)/9 + x)*-30.
2, 5
Suppose -2*w = -2*j - 332, 0 = -2*w + 4*j - 182 + 522. What are the prime factors of w?
2, 3
Suppose 2*p + 27 = 4*w - 19, -67 = -4*w - 5*p. List the prime factors of w.
13
Suppose j = 5*j - 368. What are the prime factors of j?
2, 23
Let r = -254 - -513. What are the prime factors of r?
7, 37
Let k = 146 - 143. Suppose -2*h = 5*r - 14, 2*h - 5*r + 3 = -3. Suppose -h*p - 22 = -5*s + k*s, 2*p - 48 = -5*s. What are the prime factors of s?
2, 5
Suppose -5*h + 1112 = 327. List the prime factors of h.
157
Let n(o) = o**3 + 11*o**2 + 14*o + 11. List the prime factors of n(-9).
47
Suppose 0*r + 372 = 6*r. List the prime factors of r.
2, 31
Let j(n) = -6*n**2 - 5. Suppose -3 + 5 = -2*k. Let m(a) = -a**2 - 1. Let z(d) = k*j(d) + 4*m(d). What are the prime factors of z(-1)?
3
Let w be 2/(-8) - 34/(-8). Suppose -5*b - 4*r + 7 = 0, w*b - 4*r + r = 18. Suppose -b*s - 5 = -4*s. List the prime factors of s.
5
Suppose 66 = 4*d + 26. What are the prime factors of d?
2, 5
Let m be -3*((-26)/6 - -3). Suppose -2*r = -4*r + m. List the prime factors of (3 + -1)/r - -6.
7
Suppose 0 = f - 239 + 86. List the prime factors of f.
3, 17
Let s(j) = -j**3 - 4*j**2 - 2*j - 6. Let m be s(-4). Let n(d) = d**3 - 6*d - 7*d**2 + 2 - m*d**3 + 4. What are the prime factors of n(-6)?
2, 3
Let g = -5 - -19. What are the prime factors of g/4 - 6/4?
2
Let r be 4/2 - (1 - 13). Let o = -1 + r. List the prime factors of o.
13
Suppose -107 + 20 = -3*a. Let k = a + -14. List the prime factors of k.
3, 5
Suppose -5*t - 16 - 9 = 0, -5*t = -d + 69. What are the prime factors of d?
2, 11
Let u(c) = 9*c - 5. Suppose -5*x - 3*b + 0*b + 19 = 0, 3*x - 4*b = 23. What are the prime factors of u(x)?
2, 5
Let n = 442 + -239. List the prime factors of n.
7, 29
Suppose 2*s - 58 = 18. What are the prime factors of (s/8)/(3/12)?
19
Let q be (-41)/2*(-2)/1. Suppose -q = -2*m + 4*o + 29, -44 = -m - o. List the prime factors of m.
41
Suppose r = -2*a + 53, -59 = -0*r - r + 4*a. Suppose r = o + 17. What are the prime factors of o?
2, 19
Let u(c) = c**2 - 1. Let r be u(-2). Suppose 0 = 5*l - 10, 0 = 2*o - r*l + l - 44. List the prime factors of o.
2, 3
Let l(d) = -d**3 - 7*d**2 - 4*d + 19. What are the prime factors of l(-9)?
7, 31
Suppose -3*n = -7*n + 144. Suppose 4*d + n = 4*g - 0*d, -4*d = 0. List the prime factors of g.
3
Suppose 27*z = 30*z - 180. What are the prime factors of z?
2, 3, 5
Suppose 2*b - 5*b + 73 = 2*t, -t - 139 = -5*b. List the prime factors of b.
3
Suppose 2*h - y + 15 = -4*y, 5*h - y + 46 = 0. Let z = h - -47. List the prime factors of (-5)/(-20) + z/8.
5
Let b(l) = -l**2 + 4*l + 7. Let z(x) = x - 1. Let v(d) = b(d) + 4*z(d). Suppose -4*y - 8 = -5*y. List the prime factors of v(y).
3
Suppose -3*x + 132 = -0*x. List the prime factors of x.
2, 11
Let i(b) = 28*b**3 - b**2 + b - 1. Let f be i(1). Let j = -13 + f. What are the prime factors of j?
2, 7
Suppose -4*t + 3*b = -19, 2*t - 11 = 5*b - 4*b. Let g = t - -1. Suppose -u - u = -g. What are the prime factors of u?
2
Let m(u) = u**2 - u + 6. Let w be m(-6). Suppose w = -7*k + 9*k. Suppose 5*j - 6 - k = 0. What are the prime factors of j?
2, 3
What are the prime factors of 2/7 + (-1784)/(-28)?
2
Let i(t) = t**3 - 6*t**2 + 2*t - 6. Suppose 3*q - 5*f - 4 = -q, 3*f = 4*q - 12. List the prime factors of i(q).
2, 3
What are the prime factors of 687*2/3*(-3)/(-6)?
229
Suppose 5*p - 14 = 6. Let z be ((-45)/6)/((-2)/p). Suppose 5*y - 2*y = -4*r + 12, 3*y - z = -5*r. List the prime factors of r.
3
Let s be (39/2)/(-3)*-2. Let b(j) = 5*j**2 + j - 2. Let y be b(2). Let o = y - s. List the prime factors of o.
7
Let d(p) be the first derivative of -p**2 - 13*p - 2. Let o = 5 - 15. List the prime factors of d(o).
7
Suppose 3*h + 15 - 75 = 0. What are the prime factors of 16/3*75/h?
2, 5
Let w(r) = r**3 + 7*r**2 + 4*r - 8. Let n be w(-6). Suppose 0*z + n*z = 40. List the prime factors of z.
2, 5
Suppose 4*y - 193 + 61 = 0. Suppose -2*j - 11 = -5*h, j + y = -3*h - 0*h. Let d = -11 - j. List the prime factors of d.
7
Suppose -n + 6 = 21. Let m be (-2)/10 + 42/n. What are the prime factors of 10 + m*(-1)/3?
11
Suppose 6*l - 75 = -h + l, -3*h + 145 = -l. Suppose 5*x = -10 + h. List the prime factors of x.
2
Let n = -19 + 89. What are the prime factors of n?
2, 5, 7
Let y(l) = -4*l + 3*l - 10*l - 2. What are the prime factors of y(-1)?
3
Let u be 2/2 - (3 + -4). Suppose 0 = -u*d + d - 10. Let z = 17 + d. List the prime factors of z.
7
What are the prime factors of 315/8 - (-15)/(-40)?
3, 13
Suppose 4*v = -4*j - 36 - 8, 0 = -5*v - 4*j - 52. What are the prime factors of v/(-10)*(31 + 9)?
2
Let c be (4*-1)/((-1)/2). Suppose -2*k - 2*k = -c. Suppose -r = k*r - 27. List the prime factors of r.
3
Let b(i) be the first derivative of -i**5/60 - i**4/3 - i**3/2 + i**2 + 3. Let v(z) be the second derivative of b(z). List the prime factors of v(-4).
13
Let s be ((-21)/(-4))/(4/16). Suppose s = 4*w + 5*d - 23, 2*w - 3*d - 22 = 0. List the prime factors of w.
11
Suppose 10 + 10 = 2*a. List the prime factors of a.
2, 5
Let v be 2/6 + (-2)/(-3). Let g(i) = 19*i - 1. List the prime factors of g(v).
2, 3
List the prime factors of 15/(-2)*12*(-5)/50.
3
Let p(b) = -b**3 + 3*b**2 + 6*b - 4. Let t be p(4). Suppose 0 - t = -2*f. List the prime factors of f.
2
Let s be -2 - 4/(1 - 0). What are the prime factors of (-2)/s - 68/(-12)?
2, 3
Suppose -5 = -5*j, -4*j = -8*p + 4*p + 20. Suppose -2*q + 5*q + p = 0, 0 = 2*v + 3*q - 8. Suppose -2*h - v = -3*h. What are the prime factors of h?
7
Let j = 23 - 20. Suppose -j*k + 82 = -77. What are the prime factors of k?
53
What are the prime factors of (-1)/3*(-21 - 666)?
229
Let c = 227 + -142. List the prime factors of c.
5, 17
Let y = -6 - -50. List the prime factors of y.
2, 11
Suppose 2*g - k - 2 - 6 = 0, -38 = -5*g - 2*k. Let t be 3/g*-2*-8. Suppose t = 3*u - 1. List the prime factors of u.
3
Let k be 6 + (-3)/3*3. Suppose 2*g + 12 = 3*s, -k*s + 7*g + 3 = 2*g. What are the prime factors of s?
2, 3
Suppose 0 = -0*z + 8*z - 1456. List the prime factors of z.
2, 7, 13
Suppose -3*t - 2*t = -35. Suppose 0 = -y - 2*u - 2, 0*y + 5 = y - 5*u. List the prime factors of t - y - 2*1.
5
Suppose -5*n = -0*n + 55. Let x(g) = g + 1. Let y be x(-1). Let r = y - n. List the prime factors of r.
11
List the prime factors of 358/10 + (-1)/(-5).
2, 3
Suppose 0 = 2*h - 40 - 34. Let i = 54 - h. What are the prime factors of i?
17
What are the prime factors of ((-10)/(-3))/((-46)/(-483))?
5, 7
Suppose -3*s = -r - 5, -s = -0*s - 2*r. Suppose -2*h + 4*h = 0. Suppose h - s = -i. What are the prime factors of i?
2
Suppose -i + 5*l - 10 = 2*l, 14 = i + 3*l. Suppose i*r = 3*r - 15. What are the prime factors of r?
3, 5
Suppose -860 = -6*u + 388. List the prime factors of u.
2, 13
Let u = -4 - -4. Suppose 0 = 2*n - 6, u = 2*o + 3*o - n - 27. List the prime factors of o.
2, 3
Suppose -5*c = -2*c - 3*d - 15, -4*c = d - 15. Suppose c*n = -2*t + 9 - 3, 2*n = -6. What are the prime factors of t?
3
What are the prime factors of (-6)/(54/(-15))*24?
2, 5
Let y(o) = o**2 + 5*o + 6. Let v be y(-4). Let r = 4 + v. List the prime factors of r.
2, 3
List the prime factors of (-1)/(2*(-1)/122).
61
Suppose 7*i + 750 = 22*i. What are the prime factors of i?
2, 5
Suppose 2*q - 11 = 1. Let y = q - 2. List the prime factors of y.
2
Suppose 0 = -3*t + 103 - 19. What are the prime factors of t?
2, 7
Let s be (-27)/2*(-4)/6. Let f = s + -3. What are the prime factors of f?
2, 3
Let j(f) = f**2 - 7*f - 11. Let h be j(8). What are the prime factors of -3 + 9 + h + 4?
7
Let y(i) = 2*i**2 + 13*i + 19. What are the prime factors of y(-8)?
43
Suppose 2*j - 21 - 7 = 0. Suppose 3*s - 4 = j. What are the prime factors of s?
2, 3
Let p be 4/(-24) + 71/(-6). Let f = 2 - p. Let o = -4 + f. List the prime factors of o.
2, 5
Let g(x) = x**3 + 1. Let l(s) = -5*s**3 - 13*s**2 - 17. Let a(f) = -4*g(f) - l(f). What are the prime factors of a(-13)?
13
Suppose -5*q - 5*s + 295 = 0, -3*q + 3*s = -229 + 64. List the pr